Calculate the highest common divisor of 40304904 and 24.
24
Calculate the highest common factor of 9610385 and 5.
5
Calculate the highest common factor of 3813 and 2636874.
123
Calculate the greatest common divisor of 1920 and 909984.
96
What is the highest common divisor of 705 and 33583145?
235
What is the greatest common divisor of 31570014 and 42?
42
What is the greatest common divisor of 3149906944 and 1024?
1024
What is the greatest common divisor of 124092 and 208735?
383
What is the greatest common factor of 520905262 and 102?
34
What is the highest common factor of 125824 and 65920?
128
Calculate the highest common factor of 4102080 and 312.
24
What is the highest common divisor of 522662 and 12173?
259
What is the greatest common divisor of 234 and 188165601?
117
Calculate the greatest common factor of 120 and 195366540.
60
What is the highest common factor of 2037561 and 75?
3
What is the highest common factor of 70864 and 582736?
688
What is the highest common divisor of 147233 and 155063?
29
Calculate the greatest common factor of 428437 and 53947.
73
Calculate the highest common factor of 77580 and 2510.
10
What is the greatest common factor of 230595352 and 4907?
701
What is the greatest common divisor of 49587883 and 841?
841
What is the greatest common divisor of 153082386 and 16?
2
What is the greatest common divisor of 23940703 and 852?
71
What is the highest common factor of 432 and 5237934?
6
What is the highest common factor of 1414 and 8330581?
707
Calculate the greatest common divisor of 584597475 and 2079.
693
What is the highest common factor of 644624 and 26?
2
Calculate the highest common factor of 10361 and 3924428.
797
Calculate the greatest common divisor of 60017 and 2.
1
Calculate the highest common factor of 2765768 and 376.
8
Calculate the greatest common factor of 552 and 4350456.
24
Calculate the greatest common factor of 465 and 27863420.
155
What is the highest common factor of 4270885 and 87328?
2729
What is the highest common factor of 310697356 and 12?
4
Calculate the greatest common divisor of 6360168 and 72.
24
Calculate the greatest common divisor of 226719 and 18349.
311
What is the greatest common factor of 13530 and 906840?
330
What is the highest common divisor of 36 and 42646836?
12
What is the highest common factor of 12645 and 3331255?
1405
Calculate the highest common divisor of 8733 and 2404131.
213
What is the greatest common divisor of 31919700 and 927?
309
Calculate the greatest common divisor of 7871900 and 700.
100
What is the highest common factor of 259790823 and 927?
927
Calculate the greatest common factor of 454860 and 32760.
1260
What is the highest common divisor of 1367865 and 17289?
1017
What is the greatest common factor of 10413 and 11962935?
801
What is the greatest common divisor of 7900 and 359650?
50
Calculate the highest common divisor of 2672291 and 537.
179
Calculate the highest common divisor of 18033071 and 399.
133
What is the highest common factor of 57658003 and 377?
377
Calculate the greatest common divisor of 35 and 25390645.
35
Calculate the greatest common divisor of 57889 and 2041975.
793
What is the greatest common factor of 280194 and 6169963?
1139
What is the greatest common factor of 764190 and 45?
45
Calculate the highest common divisor of 17323 and 113747.
17
Calculate the greatest common factor of 139109735 and 2594.
1297
What is the greatest common factor of 2 and 167549366?
2
Calculate the highest common divisor of 259361805 and 6530.
3265
What is the greatest common divisor of 312 and 1051713?
39
Calculate the highest common divisor of 64 and 22317376.
64
Calculate the highest common factor of 590096484 and 180.
36
What is the highest common divisor of 1994172 and 244956?
1644
What is the highest common divisor of 193033760 and 1440?
160
What is the highest common factor of 17900636 and 208?
52
What is the highest common divisor of 1386 and 133637526?
198
What is the greatest common factor of 224 and 65061696?
224
Calculate the greatest common factor of 36 and 72291536.
4
Calculate the highest common factor of 319910 and 170.
10
What is the greatest common factor of 1378817964 and 59?
59
Calculate the greatest common factor of 21816 and 2111616.
216
Calculate the greatest common divisor of 1417 and 222872.
13
What is the greatest common factor of 290 and 224655?
5
What is the greatest common divisor of 6930 and 162504?
18
Calculate the highest common factor of 2389296 and 81081.
273
Calculate the highest common factor of 4416 and 1509306.
138
What is the greatest common factor of 755528298 and 3738?
3738
What is the greatest common divisor of 503140 and 30085?
55
Calculate the greatest common factor of 1173282 and 7134.
174
What is the greatest common factor of 458019585 and 69?
69
Calculate the highest common factor of 20669984 and 32.
32
Calculate the greatest common factor of 28757 and 1937.
149
Calculate the greatest common divisor of 29 and 669349.
29
What is the highest common divisor of 42 and 41788299?
21
What is the highest common divisor of 5218265 and 8515?
65
What is the greatest common divisor of 3531 and 143187?
33
Calculate the highest common divisor of 76499 and 28829.
227
What is the highest common factor of 250 and 11832130?
10
What is the greatest common factor of 15525 and 208552050?
675
Calculate the greatest common factor of 6054371 and 6024.
251
What is the highest common divisor of 6848 and 2691904?
64
What is the greatest common divisor of 65 and 14242891?
13
What is the highest common factor of 19705682 and 74?
74
What is the highest common divisor of 34318197 and 27?
9
What is the highest common divisor of 6 and 545428218?
6
What is the highest common divisor of 1672084 and 9956?
524
What is the greatest common factor of 5323008 and 36?
12
Calculate the highest common factor of 583594528 and 176.
176
Calculate the highest common divisor of 446117351 and 18623.
1693
What is the greatest common factor of 13452667 and 1923?
641
Calculate the highest common factor of 16399089 and 4023.
1341
Calculate the highest common factor of 14897844 and 7398.
54
What is the greatest common divisor of 83311242 and 336?
42
What is the greatest common divisor of 2141766 and 52722?
522
Calculate the highest common factor of 342759696 and 1824.
912
Calculate the greatest common divisor of 13199136 and 144.
48
What is the highest common divisor of 174031 and 47905?
143
What is the greatest common divisor of 4280 and 1295944410?
1070
Calculate the highest common factor of 29212075 and 1550.
775
What is the highest common factor of 29452340 and 1255?
1255
What is the greatest common factor of 6122046 and 6?
6
Calculate the highest common factor of 12 and 1472888.
4
Calculate the highest common divisor of 142945 and 852472.
2599
Calculate the greatest common divisor of 190617 and 168332965.
9077
What is the greatest common divisor of 8341193 and 1855?
371
What is the highest common factor of 5727 and 3616476?
249
Calculate the greatest common divisor of 142818 and 2274.
6
Calculate the greatest common factor of 718912 and 1365632.
3008
What is the highest common factor of 15878 and 5371434?
934
What is the greatest common divisor of 24 and 3361007616?
24
What is the highest common factor of 2508751 and 392?
49
Calculate the greatest common factor of 12 and 929028.
12
What is the highest common divisor of 16647 and 4641828?
537
What is the greatest common divisor of 183 and 86507028?
183
Calculate the greatest common divisor of 53222364 and 48.
12
Calculate the highest common factor of 49459284 and 420.
84
What is the greatest common factor of 2492 and 12162206?
1246
What is the greatest common divisor of 3842552 and 134048?
472
Calculate the greatest common divisor of 6020 and 60126556.
1204
Calculate the highest common divisor of 1654457490 and 623.
623
What is the highest common divisor of 66333797 and 307?
307
Calculate the greatest common divisor of 92290 and 433730.
110
What is the greatest common divisor of 73248765 and 10?
5
What is the highest common factor of 10629712 and 48?
16
Calculate the highest common factor of 143780 and 2324140.
1820
Calculate the greatest common factor of 1866 and 64972254.
1866
What is the highest common d